prime factors of c?
3, 5
List the prime factors of (21/5 - 4) + 659/5.
2, 3, 11
Let f be 8/3*(-6)/(-4). Let i(z) = 5 + z + 0*z - 4 + f. What are the prime factors of i(10)?
3, 5
Let u be 0*((-6)/3)/4. Suppose y + 2*j = 20, -3*y + u*j + 40 = 2*j. What are the prime factors of y?
2, 5
What are the prime factors of ((-30)/8)/(24/(-128))?
2, 5
Suppose 0 = 3*y - 2*y - 4. Suppose 2 = -2*g, -v - g + 23 = y*g. What are the prime factors of v?
2, 7
Let x(z) = -z**2 - 13*z - 10. Let f be x(-12). Let h(g) = 4*g**2 - 3*g - 2. Let r be h(3). Suppose f*y = -3*y + r. List the prime factors of y.
5
Let u = -133 + 282. List the prime factors of u.
149
Suppose 4*m - 72 = 4*y, -71 = -4*m + 7*y - 2*y. What are the prime factors of m?
19
Suppose 0 = -3*z - 5*b + 17, 4*b + 1 = 5. Let f = z + -2. What are the prime factors of f*(-6)/(-4) + 3?
2, 3
Let j(u) = u**2 - 4*u + 11. Suppose 3*c - 6 = 12. What are the prime factors of j(c)?
23
Let i(k) = -k**2 - 8*k + 9. Let j(f) = f - 3. Let c be j(-5). List the prime factors of i(c).
3
Suppose -7*c + 2*c = -235. Suppose -2*q = -63 - c. What are the prime factors of q?
5, 11
Let q be 49/3 - (-6)/9. Suppose 5*z = 6*z - 12. Suppose 3*y = z, -3*w - y + q = y. What are the prime factors of w?
3
Suppose -l + 1 = -3*z, 0 = l - 0*z + 2*z - 11. Suppose -4*a = -b + 5, -2*b = -3*a - 0 - 10. Suppose a = 2*u - l + 3. List the prime factors of u.
2
Suppose 0 = -z + 1 - 4. Let s(u) = u**3 + 4*u**2 + u. What are the prime factors of s(z)?
2, 3
List the prime factors of 2 - (-45 + 3 + 2).
2, 3, 7
Let t(w) be the third derivative of w**6/720 + w**5/15 + w**4/24 + 2*w**2. Let u(f) be the second derivative of t(f). What are the prime factors of u(0)?
2
Let d = 25 + -47. Let k = d - -36. What are the prime factors of k?
2, 7
Suppose -3*o + 9 = -3*t - o, t = 4*o + 7. Let n(j) = -5*j. What are the prime factors of n(t)?
5
Suppose 406 = 4*z - 0*t + 2*t, -z = -3*t - 98. What are the prime factors of z?
101
Suppose -3*w = -5*c + 609, -2*c = c - 5*w - 359. List the prime factors of c.
3, 41
Let t(o) = -o**2 + 8*o + 10. Let w be t(7). Let q = -2 + w. List the prime factors of q.
3, 5
Let d(b) = 2*b. Let t be d(1). Suppose -4*i + m + 89 = -3, -5*i - t*m + 115 = 0. List the prime factors of i.
23
Suppose 70 = -6*h + 8*h. Let x = h + -8. List the prime factors of x/45 + 47/5.
2, 5
Suppose -3*q = 6 - 21. Suppose q*y + 2*d + 2*d = 45, 4*y - 25 = -d. What are the prime factors of y?
5
Suppose 32*d + 136 = 36*d. List the prime factors of d.
2, 17
Let k = 1 - -3. Suppose 5*j = k*j + 46. What are the prime factors of j?
2, 23
Let l(m) = 9*m**3 + 4*m - 3. Let i(z) = -14*z**3 - 6*z + 5. Let a(p) = -5*i(p) - 8*l(p). What are the prime factors of a(-1)?
3
Suppose 0 = -p + 2*u - 0 + 5, 2*u + 65 = 5*p. List the prime factors of p.
3, 5
Suppose 3 = -5*c - 2*o, -2*c = 2*c + o. Suppose 7 = i - c. What are the prime factors of i?
2
Let p be (-10*(-3)/(-6))/(-1). Suppose p*a - 96 = a. What are the prime factors of a?
2, 3
Suppose 0*j - 3*c = 2*j - 282, 5*j = -5*c + 700. List the prime factors of j.
2, 3, 23
Let t(z) = z + 7. Let g be t(-5). Let j = 32 - 16. Suppose g*u = j + 4. List the prime factors of u.
2, 5
Suppose -11 = -w + 2. Let n = w + 1. What are the prime factors of n?
2, 7
Let h = 0 + -13. Let b = -8 - h. Suppose n = 2*y - 1 + 7, -4*y = b*n - 2. List the prime factors of n.
2
Suppose n = 31 + 40. List the prime factors of n.
71
Let b(s) = s**2 + 4*s - 8. Let m(v) = -v**2 - 4*v + 9. Suppose 22 = 4*n - 2. Let d(y) = n*b(y) + 5*m(y). What are the prime factors of d(-5)?
2
Suppose 0 = 16*l - 12*l - 176. List the prime factors of l.
2, 11
Let p = -4 - -1. Let f = 15 - p. Let a = -8 + f. List the prime factors of a.
2, 5
Let s(g) = 55*g**3 - 2*g**2 + 3*g - 1. List the prime factors of s(1).
5, 11
Suppose 0 = -2*p - 1 - 27. Let m = -6 - p. List the prime factors of m.
2
Let q(x) be the second derivative of -x**5/20 + 2*x**4/3 - 3*x**3/2 + x**2/2 + x. What are the prime factors of q(6)?
19
Let o(y) = 3 + 8*y**2 + 3 - y**3 - 3*y**2 - 3. List the prime factors of o(4).
19
Let v = 17 + -27. Let z be (-4)/18 + 4/18. What are the prime factors of -8*(v/8 + z)?
2, 5
Suppose -3*t + 2 = -4*t. What are the prime factors of ((-8)/20)/(t/70)?
2, 7
Let o be (-90)/(-24) - 1/(-4). Suppose 0 = o*r - w - 142 + 47, -5*r + 127 = -4*w. List the prime factors of r.
23
List the prime factors of -1 + 37 + (-4 - -3).
5, 7
Suppose -5*o = -2*m - 2*m - 255, 0 = 3*o + m - 153. List the prime factors of o.
3, 17
Let d = 569 + -371. List the prime factors of d.
2, 3, 11
Suppose 3*t + 3*b = 582, -4*t + 780 = -0*t + 3*b. List the prime factors of t.
2, 3, 11
Suppose 128 = y - 11. What are the prime factors of y?
139
What are the prime factors of 2/2*45*1?
3, 5
Let v be ((-4)/2)/(2/(-3)). Suppose -f = v*f. Suppose -2*g + 0 = -10, -2*o + g + 9 = f. What are the prime factors of o?
7
Suppose 5*r + 185 = 3*y, y = -y - 3*r + 117. List the prime factors of y.
2, 3, 5
What are the prime factors of 1 - -63 - 4/(-16)*4?
5, 13
Let n = -6 + 6. Suppose 4*m = -i - 16, 4*i = -n*i - 4*m - 4. List the prime factors of i.
2
Suppose p + 37 = 5*i - 37, -3*i + 46 = -p. What are the prime factors of 2 + -2 + -1 + i?
13
Let x be 2 + -2 + (1 - -1). Let j(k) be the second derivative of k**4/12 - k**2 - 5*k. List the prime factors of j(x).
2
Suppose -j + 5*j = 12. List the prime factors of 12*j*(-3)/(-9).
2, 3
Let z be 1 - (-20 - 2)/(-2). Let r be (-228)/z + (-1)/(-5). Let k = r - 16. List the prime factors of k.
7
Let r(j) = j + 13. What are the prime factors of r(-11)?
2
Let k(v) = -2*v**3 - v**2 - v - 1. Let d be 3/(-3)*(1 + 1). List the prime factors of k(d).
13
Let a(w) = w**2 + 3*w - 1. Let l be a(-4). Suppose 3*m - l = 6. List the prime factors of m.
3
Suppose -16 = 2*z - 0*z. Let i = -5 - z. What are the prime factors of i?
3
What are the prime factors of 4026/15 + (-18)/45?
2, 67
Suppose -4*f = -150 + 10. Suppose 0 = 4*y - f - 41. Suppose 2*s + 18 = 2*i, 2*s - 5*s = -i + y. List the prime factors of i.
2
Suppose 5*s - 12 = -a, -2*a + 0*a + 12 = -2*s. What are the prime factors of a?
7
Suppose -4*b + 154 = 2*c + 52, 0 = 4*c - 4. List the prime factors of b.
5
Suppose -3*z = i - 24, -2 + 12 = -2*z. What are the prime factors of i?
3, 13
Let n(a) = 137*a**2 + a. Let w be n(1). Suppose t = 7*t - w. What are the prime factors of t?
23
Suppose 157 = 3*l + k, 2*l + 0*l = 5*k + 82. List the prime factors of l.
3, 17
Suppose -5 = -3*q + 115. Suppose -z + 6*z - q = 0. Suppose 0 = -3*u + z + 22. What are the prime factors of u?
2, 5
What are the prime factors of (-2 + -2)*(969/(-12) + 3)?
311
Let w(q) = q**2 - 9*q - 6. Let h be w(5). Let c = 55 + h. What are the prime factors of c?
29
Let k(g) = -g**2 - 12*g + 11. List the prime factors of k(-8).
43
Let p(d) = -8*d - 9. List the prime factors of p(-4).
23
Let s = -3 - -8. Suppose s*u + 20 = -4*t - 0*t, 5*u - 2*t + 20 = 0. Let a = u + 11. List the prime factors of a.
7
Let i = -44 + 65. What are the prime factors of i?
3, 7
Let a(r) = -25*r. Let y be a(-4). Suppose -2*x + y = 2*x. Suppose x = -0*z + 5*z. What are the prime factors of z?
5
Suppose 8 = -2*o - 2. Let j(a) = a**3 + 5*a**2 - 2*a + 3. What are the prime factors of j(o)?
13
Suppose m = -3*m + 16. Let o = 7 - m. Suppose -3 = o*v - 36. List the prime factors of v.
11
Let k(s) = -2*s + 31. What are the prime factors of k(-5)?
41
Suppose -2*u + 4 = -2, -a + 436 = 5*u. List the prime factors of a.
421
Let q be ((-4)/(-10))/(1/5). Let d(g) = -8 + 11 - q*g + g**3 + 5*g**2 + 4*g. List the prime factors of d(-4).
11
Let x(c) = -c**2 + 4*c - 6. Let j be x(4). Let m = -4 - j. Let z = m - -3. List the prime factors of z.
5
Let c = -2 + 6. Suppose -c*o + 9 = z + 2, -o = 4. What are the prime factors of z?
23
Let d(l) = 9*l**2 + l - 7. List the prime factors of d(-3).
71
Let c = -43 + 67. List the prime factors of (-12)/c*-2*23.
23
Suppose -4 = 4*s, s = -5*r - 3*s + 1. Suppose -4*p + 34 = 3*b, 2*b + p - r = 15. What are the prime factors of b?
2, 3
Let w(z) = z**2 - 2*z - 8. Let m = 13 + -6. What are the prime factors of w(m)?
3
Suppose 0 = -6*i + 2*i + 4. Suppose 0 = -3*d - 3*v + 9, i + 2 = -d - 3*v. What are the prime factors of d?
2, 3
Suppose 0*r - 5*r + 20 = -b, -5*r = -3*b - 30. Let w = -5 - b. Suppose w*n + 14 = 2*n